{"id":4649,"date":"2024-09-10T15:13:30","date_gmt":"2024-09-10T15:13:30","guid":{"rendered":"https:\/\/hukukpartner.hayadasoft.com\/?page_id=4649"},"modified":"2024-09-12T12:45:29","modified_gmt":"2024-09-12T12:45:29","slug":"uyap-local-server","status":"publish","type":"page","link":"https:\/\/hukukpartner.hayadasoft.com\/?page_id=4649","title":{"rendered":"Uyap Local Server"},"content":{"rendered":"<div class=\"wpb-content-wrapper\"><p>[vc_row padding_bottom_multiplier=&#8221;3x&#8221;][vc_column][vc_row_inner][vc_column_inner width=&#8221;5\/12&#8243;]<div class=\"eut-empty-space eut-height-1x\" style=\"\"><\/div><div class=\"eut-element eut-image eut-align-center\" style=\"\">  <div class=\"eut-image-wrapper\"><img loading=\"lazy\" decoding=\"async\" width=\"391\" height=\"146\" src=\"https:\/\/hukukpartner.hayadasoft.com\/wp-content\/uploads\/2024\/09\/Resim1-removebg-preview.png\" class=\"attachment-full size-full\" alt=\"\" srcset=\"https:\/\/hukukpartner.hayadasoft.com\/wp-content\/uploads\/2024\/09\/Resim1-removebg-preview.png 391w, https:\/\/hukukpartner.hayadasoft.com\/wp-content\/uploads\/2024\/09\/Resim1-removebg-preview-300x112.png 300w, https:\/\/hukukpartner.hayadasoft.com\/wp-content\/uploads\/2024\/09\/Resim1-removebg-preview-24x9.png 24w, https:\/\/hukukpartner.hayadasoft.com\/wp-content\/uploads\/2024\/09\/Resim1-removebg-preview-36x13.png 36w, https:\/\/hukukpartner.hayadasoft.com\/wp-content\/uploads\/2024\/09\/Resim1-removebg-preview-48x18.png 48w\" sizes=\"auto, (max-width: 391px) 100vw, 391px\" \/>   <\/div><\/div>[\/vc_column_inner][vc_column_inner width=&#8221;7\/12&#8243;]<h3 class=\"eut-element eut-title eut-align-left eut-h5\" style=\"\"><span>Uyap Local Server Nedir?<\/span><\/h3>[vc_column_text css=&#8221;&#8221; text_style=&#8221;leader-text&#8221;]Uyap Kurumsal Web Aboneli\u011fi olan kurumlar\u0131n, UYAP Sunucular\u0131ndaki veri tabanlar\u0131ndan, kuruma ili\u015fkin; \u0130cra, \u0130flas, Dava, De\u011fi\u015fik \u0130\u015f vb. dosyalar\u0131na ait &#8211;<i>tahsilat, <\/i><i>reddiyat<\/i><i>, duru\u015fma, safahat, belge <\/i><i>ve bunun gibi<\/i>&#8211; verilerin, UYAP Web Servis eri\u015fimi* sayesinde, UYAP Kurumsal Portal\u0131ndan \u00e7ekilerek, kurum veri taban\u0131na aktar\u0131lmas\u0131, izlenmesi, raporlanmas\u0131, kritik geli\u015fmelerin otomatik bildiriminin yap\u0131lmas\u0131 gibi i\u015flemleri yapan bir otomasyon yaz\u0131l\u0131m\u0131d\u0131r.[\/vc_column_text][\/vc_column_inner][vc_column_inner][vc_column_text css=&#8221;&#8221; text_style=&#8221;leader-text&#8221;]<em><u><b>(*) <\/b><\/u><u><b>UYAP <\/b><\/u><u><b>WEB Servis eri\u015fimi i\u00e7in;<br \/>\n<\/b><\/u>Uyap Kurumsal Web aboneleri, gerekli ba\u015fvurular\u0131 yaparak, Adalet Bakanl\u0131\u011f\u0131na T\u00fcrk Telekom \u00fczerinden \u00f6zel bir data hatt\u0131 ile ba\u011flanarak Kurumsal Web Servis Eri\u015fimi sa\u011flayabilirler. B\u00f6ylece Kurum, Uyap ortam\u0131ndaki icra, dava, iflas gibi dosyalar\u0131na <b>Yaz\u0131l\u0131msal<\/b> olarak da ula\u015fabilir.<\/em>[\/vc_column_text][\/vc_column_inner][\/vc_row_inner][\/vc_column][\/vc_row][vc_row heading_color=&#8221;light&#8221; section_type=&#8221;fullwidth&#8221; bg_type=&#8221;color&#8221; padding_bottom_multiplier=&#8221;2x&#8221; bg_color=&#8221;#f95f51&#8243; font_color=&#8221;#d8d8d8&#8243;][vc_column css=&#8221;.vc_custom_1726056640982{padding-bottom: 20px !important;padding-left: 30px !important;}&#8221;]<h3 class=\"eut-element eut-title eut-align-left eut-h4\" style=\"\"><span>Neden Gereklidir?<\/span><\/h3>[\/vc_column][vc_column][vc_row_inner][vc_column_inner width=&#8221;1\/4&#8243; css=&#8221;.vc_custom_1726054155740{margin-right: 30px !important;margin-left: 30px !important;padding-top: 30px !important;padding-right: 30px !important;padding-bottom: 30px !important;padding-left: 30px !important;background-color: #0a0a0a !important;}&#8221;]<div class=\"eut-element eut-box-icon eut-medium eut-top-icon eut-align-center\" style=\"\"><div class=\"eut-wrapper-icon eut-no-shape eut-text-grey\"><i class=\"eut-text-primary-1 fas fa-keyboard\"><\/i><\/div><div class=\"eut-box-content\"><div class=\"eut-box-title-wrapper\"><h3 class=\"eut-box-title eut-h5\">S\u00fcrekli Eri\u015fim<\/h3><\/div>  <p class=\"\">UYAP sistemine ba\u011flanmaya gerek kalmadan<br \/>\nher an ve kesintisiz \u00e7al\u0131\u015fma yap\u0131labilir. \u0130htiya\u00e7 duyulan dosyalara herhangi bir zamanda ve yerde, yetkili kullan\u0131c\u0131lar taraf\u0131ndan rahatl\u0131kla ula\u015f\u0131labilir ve dosyalara ait -taraf, safahat, tahsilat, reddiyat, duru\u015fma vb.- her t\u00fcrl\u00fc bilgi ve belge izlenebilir.<\/p><\/div><\/div>[\/vc_column_inner][vc_column_inner width=&#8221;1\/4&#8243; css=&#8221;.vc_custom_1726054635850{margin-right: 30px !important;margin-left: 30px !important;padding-top: 30px !important;padding-right: 30px !important;padding-bottom: 86px !important;padding-left: 30px !important;background-color: #0a0a0a !important;}&#8221;]<div class=\"eut-element eut-box-icon eut-medium eut-top-icon eut-align-center\" style=\"\"><div class=\"eut-wrapper-icon eut-no-shape eut-text-grey\"><i class=\"eut-text-primary-1 fas fa-calendar-alt\"><\/i><\/div><div class=\"eut-box-content\"><div class=\"eut-box-title-wrapper\"><h3 class=\"eut-box-title eut-h5\">Planlama<\/h3><\/div>  <p class=\"\">Dosyalar\u0131n bu \u015fekilde kolayca eri\u015filip raporlanabilmesi, \u0130lgili personellerin i\u015flerini kolayla\u015ft\u0131rd\u0131\u011f\u0131 gibi, y\u00f6neticilerin de dosyalar \u00fczerinde tam bir h\u00e2kimiyet kurmas\u0131n\u0131 sa\u011flar.<\/p><\/div><\/div>[\/vc_column_inner][vc_column_inner width=&#8221;1\/4&#8243; css=&#8221;.vc_custom_1726054717441{margin-right: 30px !important;margin-left: 30px !important;padding-top: 30px !important;padding-right: 30px !important;padding-bottom: 86px !important;padding-left: 30px !important;background-color: #0a0a0a !important;}&#8221;]<div class=\"eut-element eut-box-icon eut-medium eut-top-icon eut-align-center\" style=\"\"><div class=\"eut-wrapper-icon eut-no-shape eut-text-grey\"><i class=\"eut-text-primary-1 fas fa-business-time\"><\/i><\/div><div class=\"eut-box-content\"><div class=\"eut-box-title-wrapper\"><h3 class=\"eut-box-title eut-h5\">Performans<\/h3><\/div>  <p class=\"\">Personellerin ve varsa s\u00f6zle\u015fmeli hukuk b\u00fcrolar\u0131n\u0131n yapt\u0131klar\u0131 i\u015fler kolayca denetlenebilir, performanslar\u0131 \u00f6l\u00e7\u00fclebilir, hatta yap\u0131lmayan veya ge\u00e7 yap\u0131lan i\u015flemler tespit edilebilir.<\/p><\/div><\/div>[\/vc_column_inner][vc_column_inner width=&#8221;1\/4&#8243; css=&#8221;.vc_custom_1726054773379{margin-right: 30px !important;margin-left: 30px !important;padding-top: 30px !important;padding-right: 30px !important;padding-bottom: 114px !important;padding-left: 30px !important;background-color: #0a0a0a !important;}&#8221;]<div class=\"eut-element eut-box-icon eut-medium eut-top-icon eut-align-center\" style=\"\"><div class=\"eut-wrapper-icon eut-no-shape eut-text-grey\"><i class=\"eut-text-primary-1 fas fa-tasks\"><\/i><\/div><div class=\"eut-box-content\"><div class=\"eut-box-title-wrapper\"><h3 class=\"eut-box-title eut-h5\">Denetleme<\/h3><\/div>  <p class=\"\">Kurum Aleyhine a\u00e7\u0131lm\u0131\u015f olan davalar\u0131n tebligatlar\u0131 taraf\u0131m\u0131za yap\u0131lmadan \u00f6nceden bilgi sahibi olunur. B\u00f6ylece gerekli \u00f6nlem ve haz\u0131rl\u0131klar yap\u0131labilir.<\/p><\/div><\/div>[\/vc_column_inner][\/vc_row_inner][\/vc_column][\/vc_row][vc_row padding_top_multiplier=&#8221;2x&#8221;][vc_column]<h3 class=\"eut-element eut-title eut-align-left eut-h4\" style=\"\"><span>Nas\u0131l Yap\u0131yoruz?<\/span><\/h3>[vc_column_text css=&#8221;&#8221; text_style=&#8221;leader-text&#8221;]UYAP Veri Merkezindeki Dosyalar\u0131n Kurum Veri Taban\u0131na Aktar\u0131m\u0131, Kurumun UYAP\u2019ta bulunan dosyalar\u0131ndaki milyonlarca verinin \u00e7ekilmesi i\u015flemidir. Bu nedenle \u00e7ok iyi planlanmas\u0131 ve dikkatlice uygulanmas\u0131 gerekir.[\/vc_column_text][\/vc_column][vc_column]<div class=\"eut-empty-space eut-height-1x\" style=\"\"><\/div>[vc_row_inner][vc_column_inner width=&#8221;1\/12&#8243; css=&#8221;.vc_custom_1726058008234{background-color: #f95f51 !important;}&#8221;]<h3 class=\"eut-element eut-title eut-align-center eut-h4\" style=\"\"><span>1<\/span><\/h3>[\/vc_column_inner][vc_column_inner width=&#8221;11\/12&#8243;]<h4 class=\"eut-element eut-title eut-align-left eut-h5\" style=\"\"><span>Kurumun UYAP veri merkezinde bulunan dosyalar\u0131n analizi yap\u0131larak bir aktar\u0131m plan\u0131 olu\u015fturulur.<\/span><\/h4>[\/vc_column_inner][\/vc_row_inner]<div class=\"eut-empty-space eut-height-1x\" style=\"\"><\/div>[vc_row_inner][vc_column_inner width=&#8221;1\/12&#8243; css=&#8221;.vc_custom_1726058036434{background-color: #f95f51 !important;}&#8221;]<h3 class=\"eut-element eut-title eut-align-center eut-h4\" style=\"\"><span>2<\/span><\/h3>[\/vc_column_inner][vc_column_inner width=&#8221;11\/12&#8243;]<h4 class=\"eut-element eut-title eut-align-left eut-h5\" style=\"\"><span>Aktar\u0131m s\u0131ras\u0131nda kullan\u0131lacak servislerin \u00e7al\u0131\u015ft\u0131r\u0131lma zaman\u0131, ayn\u0131 anda \u00e7al\u0131\u015ft\u0131r\u0131lma say\u0131s\u0131 vb. bir \u00e7ok konu titizlikle planlan\u0131r.<\/span><\/h4>[\/vc_column_inner][\/vc_row_inner]<div class=\"eut-empty-space eut-height-1x\" style=\"\"><\/div>[vc_row_inner][vc_column_inner width=&#8221;1\/12&#8243; css=&#8221;.vc_custom_1726058050156{background-color: #f95f51 !important;}&#8221;]<h3 class=\"eut-element eut-title eut-align-center eut-h4\" style=\"\"><span>3<\/span><\/h3>[\/vc_column_inner][vc_column_inner width=&#8221;11\/12&#8243;]<h4 class=\"eut-element eut-title eut-align-left eut-h5\" style=\"\"><span>Bu plan yaz\u0131l\u0131m ekibimizin kontrol\u00fcnde uygulamaya sokulur.<\/span><\/h4>[\/vc_column_inner][\/vc_row_inner]<div class=\"eut-empty-space eut-height-1x\" style=\"\"><\/div>[vc_row_inner][vc_column_inner width=&#8221;1\/12&#8243; css=&#8221;.vc_custom_1726058082611{background-color: #f95f51 !important;}&#8221;]<h3 class=\"eut-element eut-title eut-align-center eut-h4\" style=\"\"><span>4<\/span><\/h3>[\/vc_column_inner][vc_column_inner width=&#8221;11\/12&#8243;]<h4 class=\"eut-element eut-title eut-align-left eut-h5\" style=\"\"><span>Veriler al\u0131n\u0131rken UYAP sunucular\u0131nda zaman zaman ortaya \u00e7\u0131kan sorunlar dikkatle takip edilerek gerekli m\u00fcdahaleler an\u0131nda yap\u0131l\u0131r.<\/span><\/h4>[\/vc_column_inner][\/vc_row_inner][\/vc_column][\/vc_row]<\/p>\n<\/div>","protected":false},"excerpt":{"rendered":"<p>[vc_row padding_bottom_multiplier=&#8221;3x&#8221;][vc_column][vc_row_inner][vc_column_inner width=&#8221;5\/12&#8243;][\/vc_column_inner][vc_column_inner width=&#8221;7\/12&#8243;][vc_column_text css=&#8221;&#8221; text_style=&#8221;leader-text&#8221;]Uyap Kurumsal Web Aboneli\u011fi olan kurumlar\u0131n, UYAP Sunucular\u0131ndaki veri tabanlar\u0131ndan, kuruma ili\u015fkin; \u0130cra, \u0130flas, Dava, De\u011fi\u015fik \u0130\u015f vb. dosyalar\u0131na ait &#8211;tahsilat, reddiyat, duru\u015fma, safahat, belge ve bunun gibi&#8211; verilerin, UYAP Web Servis eri\u015fimi* sayesinde, UYAP Kurumsal Portal\u0131ndan \u00e7ekilerek, kurum veri taban\u0131na aktar\u0131lmas\u0131, izlenmesi, raporlanmas\u0131, kritik geli\u015fmelerin otomatik bildiriminin yap\u0131lmas\u0131 gibi [&hellip;]<\/p>\n","protected":false},"author":1,"featured_media":0,"parent":0,"menu_order":0,"comment_status":"closed","ping_status":"closed","template":"","meta":{"footnotes":""},"class_list":["post-4649","page","type-page","status-publish","hentry"],"_links":{"self":[{"href":"https:\/\/hukukpartner.hayadasoft.com\/index.php?rest_route=\/wp\/v2\/pages\/4649","targetHints":{"allow":["GET"]}}],"collection":[{"href":"https:\/\/hukukpartner.hayadasoft.com\/index.php?rest_route=\/wp\/v2\/pages"}],"about":[{"href":"https:\/\/hukukpartner.hayadasoft.com\/index.php?rest_route=\/wp\/v2\/types\/page"}],"author":[{"embeddable":true,"href":"https:\/\/hukukpartner.hayadasoft.com\/index.php?rest_route=\/wp\/v2\/users\/1"}],"replies":[{"embeddable":true,"href":"https:\/\/hukukpartner.hayadasoft.com\/index.php?rest_route=%2Fwp%2Fv2%2Fcomments&post=4649"}],"version-history":[{"count":44,"href":"https:\/\/hukukpartner.hayadasoft.com\/index.php?rest_route=\/wp\/v2\/pages\/4649\/revisions"}],"predecessor-version":[{"id":4733,"href":"https:\/\/hukukpartner.hayadasoft.com\/index.php?rest_route=\/wp\/v2\/pages\/4649\/revisions\/4733"}],"wp:attachment":[{"href":"https:\/\/hukukpartner.hayadasoft.com\/index.php?rest_route=%2Fwp%2Fv2%2Fmedia&parent=4649"}],"curies":[{"name":"wp","href":"https:\/\/api.w.org\/{rel}","templated":true}]}}