{"id":4643,"date":"2024-09-10T15:08:05","date_gmt":"2024-09-10T15:08:05","guid":{"rendered":"https:\/\/hukukpartner.hayadasoft.com\/?page_id=4643"},"modified":"2024-09-19T06:18:10","modified_gmt":"2024-09-19T06:18:10","slug":"yardimci-yazilimlar","status":"publish","type":"page","link":"https:\/\/hukukpartner.hayadasoft.com\/?page_id=4643","title":{"rendered":"Yard\u0131mc\u0131 Yaz\u0131l\u0131mlar"},"content":{"rendered":"<div class=\"wpb-content-wrapper\"><p>[vc_row][vc_column][vc_column_text css=&#8221;&#8221; text_style=&#8221;leader-text&#8221;]Bu sayfa PGS&#8217;nin (Partner G\u00fcncelleme Sistemi) kurulu olmad\u0131\u011f\u0131 kullan\u0131c\u0131lar\u0131m\u0131z\u0131n PGS ve diger sistem dosyalar\u0131n\u0131 y\u00fckleyebilmeleri i\u00e7indir. PGS kurulumunu yapm\u0131\u015f olan kullan\u0131c\u0131lar\u0131m\u0131z HayadaSoft&#8217;un g\u00fcncellemelerini otomatik olarak y\u00fckleyebilirler.[\/vc_column_text]<div class=\"eut-empty-space eut-height-2x\" style=\"\"><\/div><div class=\"eut-element eut-box-icon eut-large eut-side-icon eut-align-left\" style=\"\"><div class=\"eut-wrapper-icon eut-no-shape eut-text-grey\"><i class=\"eut-text-primary-1 fas fa-download\"><\/i><\/div><div class=\"eut-box-content\"><div class=\"eut-box-title-wrapper\"><h3 class=\"eut-box-title eut-h4\">Partner G\u00fcncelleme Sistemi<\/h3><\/div>  <p class=\"eut-leader-text\">PGS ile, kulland\u0131\u011f\u0131n\u0131z HayadaSoft hukuk yaz\u0131l\u0131m\u0131n\u0131 tek tu\u015fa basarak g\u00fcncelleyebilirsiniz. PGS, kullan\u0131c\u0131n\u0131n sahip oldu\u011fu programlar\u0131 alg\u0131lay\u0131p g\u00fcncellenmesi gereken dosyalar\u0131 liste halinde g\u00f6sterir, dosyalar\u0131 internet sitesinden y\u00fckler ve programlar\u0131 g\u00fcnceller.<\/p><\/div><\/div><div class=\"eut-empty-space eut-height-1x\" style=\"\"><\/div>[vc_column_text css=&#8221;&#8221; text_style=&#8221;leader-text&#8221;]PGS&#8217;yi y\u00fcklemek i\u00e7in,<\/p>\n<ul>\n<li><a href=\"https:\/\/www.hayadasoft.com\/files\/PGS.exe\">Buray\u0131<\/a>\u00a0t\u0131klayarak kurulum dosyas\u0131n\u0131 indiriniz.<\/li>\n<li>\\partner\\w2.1 klas\u00f6r\u00fcn\u00fcze kaydediniz ve masa\u00fcst\u00fcne bu dosyan\u0131n bir k\u0131sayolunu olu\u015fturunuz.<\/li>\n<li>Masa\u00fcst\u00fcne haz\u0131rlad\u0131\u011f\u0131n\u0131z k\u0131sayolu t\u0131klayarak programlar\u0131n\u0131z\u0131 g\u00fcncellemelerini kolayl\u0131kla yapabilirsiniz.<\/li>\n<\/ul>\n<p>[\/vc_column_text]<div class=\"eut-empty-space eut-height-2x\" style=\"\"><\/div><div class=\"eut-element eut-box-icon eut-large eut-side-icon eut-align-left\" style=\"\"><a href=\"https:\/\/www.hayadasoft.com\/files\/Hmd.exe\" title=\"Partner Monitor Program\u0131\" target=\"_blank\"><div class=\"eut-wrapper-icon eut-no-shape eut-text-grey\"><i class=\"eut-text-primary-1 fas fa-eye\"><\/i><\/div><div class=\"eut-box-content\"><div class=\"eut-box-title-wrapper\"><h3 class=\"eut-box-title eut-h4\">Partner Monitor Program\u0131<\/h3><\/div>  <p class=\"eut-leader-text\">Program\u0131 \u0130ndir<\/p><\/div><\/a><\/div><div class=\"eut-empty-space eut-height-2x\" style=\"\"><\/div><div class=\"eut-element eut-box-icon eut-large eut-side-icon eut-align-left\" style=\"\"><a href=\"https:\/\/www.hayadasoft.com\/files\/HASP4_hdd32.exe\" title=\"USB Dongle\" target=\"_blank\"><div class=\"eut-wrapper-icon eut-no-shape eut-text-grey\"><i class=\"eut-text-primary-1 fab fa-usb\"><\/i><\/div><div class=\"eut-box-content\"><div class=\"eut-box-title-wrapper\"><h3 class=\"eut-box-title eut-h4\">USB Dongle S\u00fcr\u00fcc\u00fcs\u00fc<\/h3><\/div>  <p class=\"eut-leader-text\">Program\u0131 \u0130ndir<\/p><\/div><\/a><\/div><div class=\"eut-empty-space eut-height-2x\" style=\"\"><\/div><div class=\"eut-element eut-box-icon eut-large eut-side-icon eut-align-left\" style=\"\"><a href=\"https:\/\/www.hayadasoft.com\/files\/hudX.exe\" title=\"Uzaktan Destek Program\u0131\" target=\"_blank\"><div class=\"eut-wrapper-icon eut-no-shape eut-text-grey\"><i class=\"eut-text-primary-1 fas fa-headset\"><\/i><\/div><div class=\"eut-box-content\"><div class=\"eut-box-title-wrapper\"><h3 class=\"eut-box-title eut-h4\">HayadaSoft Uzaktan Destek<\/h3><\/div>  <p class=\"eut-leader-text\">Program\u0131 \u0130ndir<\/p><\/div><\/a><\/div>[\/vc_column][\/vc_row]<\/p>\n<\/div>","protected":false},"excerpt":{"rendered":"<p>[vc_row][vc_column][vc_column_text css=&#8221;&#8221; text_style=&#8221;leader-text&#8221;]Bu sayfa PGS&#8217;nin (Partner G\u00fcncelleme Sistemi) kurulu olmad\u0131\u011f\u0131 kullan\u0131c\u0131lar\u0131m\u0131z\u0131n PGS ve diger sistem dosyalar\u0131n\u0131 y\u00fckleyebilmeleri i\u00e7indir. PGS kurulumunu yapm\u0131\u015f olan kullan\u0131c\u0131lar\u0131m\u0131z HayadaSoft&#8217;un g\u00fcncellemelerini otomatik olarak y\u00fckleyebilirler.[\/vc_column_text][vc_column_text css=&#8221;&#8221; text_style=&#8221;leader-text&#8221;]PGS&#8217;yi y\u00fcklemek i\u00e7in, Buray\u0131\u00a0t\u0131klayarak kurulum dosyas\u0131n\u0131 indiriniz. \\partner\\w2.1 klas\u00f6r\u00fcn\u00fcze kaydediniz ve masa\u00fcst\u00fcne bu dosyan\u0131n bir k\u0131sayolunu olu\u015fturunuz. Masa\u00fcst\u00fcne haz\u0131rlad\u0131\u011f\u0131n\u0131z k\u0131sayolu t\u0131klayarak programlar\u0131n\u0131z\u0131 g\u00fcncellemelerini kolayl\u0131kla yapabilirsiniz. [\/vc_column_text][\/vc_column][\/vc_row]<\/p>\n","protected":false},"author":1,"featured_media":0,"parent":0,"menu_order":0,"comment_status":"closed","ping_status":"closed","template":"","meta":{"footnotes":""},"class_list":["post-4643","page","type-page","status-publish","hentry"],"_links":{"self":[{"href":"https:\/\/hukukpartner.hayadasoft.com\/index.php?rest_route=\/wp\/v2\/pages\/4643","targetHints":{"allow":["GET"]}}],"collection":[{"href":"https:\/\/hukukpartner.hayadasoft.com\/index.php?rest_route=\/wp\/v2\/pages"}],"about":[{"href":"https:\/\/hukukpartner.hayadasoft.com\/index.php?rest_route=\/wp\/v2\/types\/page"}],"author":[{"embeddable":true,"href":"https:\/\/hukukpartner.hayadasoft.com\/index.php?rest_route=\/wp\/v2\/users\/1"}],"replies":[{"embeddable":true,"href":"https:\/\/hukukpartner.hayadasoft.com\/index.php?rest_route=%2Fwp%2Fv2%2Fcomments&post=4643"}],"version-history":[{"count":3,"href":"https:\/\/hukukpartner.hayadasoft.com\/index.php?rest_route=\/wp\/v2\/pages\/4643\/revisions"}],"predecessor-version":[{"id":4759,"href":"https:\/\/hukukpartner.hayadasoft.com\/index.php?rest_route=\/wp\/v2\/pages\/4643\/revisions\/4759"}],"wp:attachment":[{"href":"https:\/\/hukukpartner.hayadasoft.com\/index.php?rest_route=%2Fwp%2Fv2%2Fmedia&parent=4643"}],"curies":[{"name":"wp","href":"https:\/\/api.w.org\/{rel}","templated":true}]}}